= 247*n**2 - 37791*n - 41. What is g(153)?
-41
Let a(l) = -2*l**3 + 19*l**2 - 2*l - 62. Determine a(11).
-447
Let i(c) = c**2 + 157*c + 2632. What is i(-138)?
10
Let l(h) = -h**3 + 425*h**2 - 27074*h + 2759. What is l(347)?
-17
Let r(x) = 14*x**3 - 2051*x**2 - 3077*x - 4606. Give r(148).
-18
Let r(w) = 8*w**2 - 93*w - 200. What is r(-4)?
300
Let a(y) = -3*y**2 + 13*y + 1326. Calculate a(-14).
556
Let x(f) = 9*f**2 - 78*f - 196. Give x(14).
476
Let t(r) = -r**2 + 10225*r + 133096. Calculate t(-13).
2
Let p(t) = 15*t**2 - 754*t - 485. Determine p(50).
-685
Let g(h) = -h**3 - 37*h**2 + 3*h - 468. What is g(-37)?
-579
Let i(u) = u**2 + 55*u + 1090. Determine i(-14).
516
Let x(a) = 16*a**2 + 854*a - 97. Give x(-53).
-415
Let l(u) = 135*u - 3144. Calculate l(17).
-849
Let h(l) = -33639*l + 100933. Determine h(3).
16
Let z(o) = 2*o**3 - 735*o**2 - 304*o - 23545. What is z(368)?
7
Let n(a) = -751*a**3 - 7510*a**2 - 12*a - 136. Calculate n(-10).
-16
Let p(m) = -991*m - 11408. Calculate p(-11).
-507
Let q(n) = n**3 + 26*n**2 - 463*n - 12120. Give q(-26).
-82
Let m(x) = -23971*x - 575405. Determine m(-24).
-101
Let w(z) = -10144*z**2 - 10149*z + 3. What is w(-1)?
8
Let a(h) = 29900*h - 718006. Give a(24).
-406
Let f(t) = 20*t**2 + 287*t + 1612. Give f(-5).
677
Let q(k) = 3*k**2 + 15*k - 5129. Determine q(39).
19
Let b(g) = -g**3 - 79*g**2 - 603*g - 433. Give b(-70).
-2323
Let v(r) = 128*r**2 - 10356*r - 1105. Give v(81).
-133
Let t(c) = 4622*c + 9172. Determine t(-2).
-72
Let c(l) = l**3 - 157*l**2 + 119*l + 5886. Determine c(156).
114
Let o(l) = 32*l**3 + 160*l**2 - 10*l - 44. What is o(-5)?
6
Let m(y) = -4*y**3 - 11396*y**2 + 57091*y - 3. What is m(5)?
52
Let l(v) = 5061*v - 15241. Give l(3).
-58
Let x(b) = -b**3 + 213*b**2 + 2071*b - 567216. What is x(210)?
-6
Let p(a) = a**2 + 3651*a - 1413413. Calculate p(353).
-1
Let z(p) = -504615*p + 5550736. Calculate z(11).
-29
Let z(s) = -653*s - 29598. Determine z(-45).
-213
Let d(i) = 295546*i + 1773240. What is d(-6)?
-36
Let j(l) = -68531*l + 9868466. What is j(144)?
2
Let a(r) = r**2 + 3893*r - 185162. Calculate a(47).
18
Let a(x) = -x**3 + 2*x**2 - 14261*x + 100049. Determine a(7).
-23
Let j(t) = 5*t**3 + 4*t**2 + 369*t + 1903. Determine j(-5).
-467
Let j(p) = 197690*p - 3163033. Determine j(16).
7
Let x(f) = -9*f**2 - 1109*f - 4886. Calculate x(-120).
-1406
Let w(a) = -109*a + 9909. Give w(98).
-773
Let w(d) = 556*d + 17001. What is w(-30)?
321
Let p(n) = -21*n - 9103. Calculate p(-434).
11
Let i(b) = 2*b**2 + 163*b - 12568. What is i(-129)?
-313
Let p(c) = 455350*c + 5464199. What is p(-12)?
-1
Let z(x) = x**2 + 473*x - 225492. Give z(294).
6
Let q(v) = 15864*v + 3458353. Determine q(-218).
1
Let a(u) = -u**3 - 47*u**2 - 762*u - 38940. Give a(-48).
-60
Let t(i) = -6972*i + 2265857. Determine t(325).
-43
Let j(a) = -769*a - 42010. What is j(-55)?
285
Let i(y) = y**3 - 279*y**2 - 81*y + 22545. What is i(279)?
-54
Let k(q) = 229*q**3 + 3203*q**2 - 38*q + 61. What is k(-14)?
5
Let n(z) = -37756*z - 1019458. Determine n(-27).
-46
Let q(o) = 34064*o - 10287338. Give q(302).
-10
Let h(c) = 3600*c + 124265. Calculate h(-34).
1865
Let s(p) = -63*p**3 + 11*p**2 + 16*p + 2. Calculate s(-4).
4146
Let l(k) = k**2 - 7542*k + 127933. Determine l(17).
8
Let m(j) = -1718*j - 3240. Give m(-2).
196
Let m(p) = -25*p**2 + 6558*p + 6584. Determine m(-1).
1
Let y(w) = -2*w**2 + 8688*w - 740744. Give y(87).
-26
Let b(o) = -22*o**3 + 5*o**2 + 272*o + 531. Give b(-2).
183
Let z(q) = 2*q**2 - 153*q + 2468. Calculate z(14).
718
Let t(j) = -3*j**2 - 148*j - 790. Determine t(-43).
27
Let i(r) = r**3 - 18*r**2 - 149*r + 278. Give i(25).
928
Let y(k) = -2*k**3 - 31*k**2 + 1147*k - 302. Determine y(-33).
-38
Let t(i) = -10*i**3 - 11*i**2 - 165*i + 797. What is t(5)?
-1553
Let i(x) = -x**3 + 1218*x**2 - 3586*x - 71709. Calculate i(1215).
-24
Let w(r) = 44*r**2 - 8221*r - 41105. What is w(-5)?
1100
Let a(h) = -h**2 + 163172*h + 7181508. Give a(-44).
4
Let z(j) = 20*j**2 + 3299*j - 3475. Give z(-166).
11
Let i(c) = 802*c**2 - 10417*c - 62. Give i(13).
55
Let n(y) = -6*y**2 + 47*y + 316. Determine n(15).
-329
Let k(a) = -19*a**2 + 1784*a - 4971. Determine k(91).
34
Let f(c) = -2*c**2 + 164*c + 9405. Give f(-39).
-33
Let o(p) = 718*p - 15262. What is o(21)?
-184
Let b(r) = -16*r**2 - 1506*r + 5988. Determine b(4).
-292
Let u(c) = -2*c**2 - 535*c - 17826. Give u(-39).
-3
Let g(l) = l**3 - 151*l**2 - 4024*l - 501. Calculate g(-23).
5
Let k(c) = 9813*c - 5338279. Determine k(544).
-7
Let z(i) = 2*i**2 + 177624*i + 1243263. What is z(-7)?
-7
Let u(k) = -4696295*k + 75140724. What is u(16)?
4
Let y(r) = -173449*r + 2254858. Give y(13).
21
Let h(u) = -7*u**3 + 128*u**2 + 1559*u - 27813. Give h(19).
3
Let v(q) = 3866*q - 564368. What is v(146)?
68
Let h(q) = 2*q**2 + 24826*q - 223601. What is h(9)?
-5
Let y(q) = 5*q**3 + 184*q**2 + 329*q - 84. Give y(-35).
-574
Let g(j) = 6*j**2 + 118*j + 476. What is g(-6)?
-16
Let o(m) = m**3 + 341*m**2 + 8483*m + 109. Determine o(-27).
-26
Let y(h) = -6*h**2 + 136*h - 466. Give y(4).
-18
Let g(r) = r**2 + 2349*r + 877443. What is g(-466)?
-35
Let w(d) = 4*d**2 - 128*d + 333. What is w(14)?
-675
Let o(k) = -14976*k + 1348114. Calculate o(90).
274
Let y(z) = -186*z**2 - 1106*z + 65. Calculate y(-6).
5
Let n(y) = -3107*y - 96312. What is n(-31)?
5
Let c(v) = -88641*v - 177274. Give c(-2).
8
Let p(l) = 23847*l - 95379. Give p(4).
9
Let a(r) = 16*r**3 + 313*r**2 - 143*r - 59. Give a(-20).
1
Let j(u) = -u**2 + 58*u + 12380. Calculate j(144).
-4
Let m(f) = 579*f - 2916. What is m(4)?
-600
Let u(n) = -2*n**3 + 431*n - 2417. Calculate u(9).
4
Let j(c) = -4*c**2 + 9692*c + 168. Determine j(0).
168
Let k(q) = 2*q**2 - 204771*q + 1228604. What is k(6)?
50
Let h(c) = c**3 + 88*c**2 - 45*c - 5739. Give h(8).
45
Let r(z) = 3*z**2 - 109*z - 29. Give r(36).
-65
Let q(z) = -z**3 + 52*z**2 + 629*z + 173. Determine q(62).
731
Let a(m) = m**3 - 21*m**2 - 169*m - 2964. What is a(30)?
66
Let h(o) = o**3 - 68*o**2 - 74*o + 21093. What is h(64)?
-27
Let p(b) = 28*b**2 + 44168*b + 872168. Give p(-20).
8
Let p(r) = -2556*r + 20474. What is p(8)?
26
Let z(d) = -d**3 + d**2 - 16*d - 154. Determine z(0).
-154
Let b(l) = -66*l**2 - 2148*l + 978. Determine b(-33).
-12
Let z(n) = -8129*n + 24467. Give z(3).
80
Let b(h) = 84*h**2 + 694*h + 187. Determine b(-8).
11
Let y(a) = -312*a + 7699. Calculate y(23).
523
Let p(n) = 166*n**2 + 9775*n - 1117. Determine p(-59).
4
Let m(r) = r**3 + 10*r**2 - 328*r + 760. Calculate m(-25).
-415
Let k(d) = 23*d - 4282. What is k(191)?
111
Let q(t) = -5727*t + 5755. Calculate q(1).
28
Let b(o) = -1633*o + 777240. Determine b(476).
-68
Let s(u) = u**3 - 136*u + 152. Calculate s(20).
5432
Let d(z) = -2*z**2 + 286*z + 38521. Give d(228).
-239
Let q(m) = -96*m**3 + 122878*m**2 + 2484*m + 97284. Calculate q(1280).
4
Let f(i) = 94*i**2 + 6491*i - 27143. What is f(-73)?
-60
Let u(i) = -8*i**3 - 3*i**2 - 16*i - 91. Determine u(-5).
914
Let p(u) = 2*u**3 + 1363*u**2 + 2108*u + 46241. Calculate p(-680).
1
Let j(k) = -20*k**2 + 852*k - 47. What is j(43)?
-391
Let a(h) = 25*h**3 - 248*h**2 - 37*h + 84. Determine a(10).
-86
Let u(k) = 176*k**2 - 243*k + 12. Give u(3).
867
Let l(h) = -h**2 - 281*h + 38862. Give l(101).
280
Let u(j) = -4110*j + 53432. What is u(13)?
2
Let c(d) = d**3 + 15*d**2 - 165*d - 822. Determine c(-21).
-3
Let c(s) = 235737*s + 1885872. What is c(-8)?
-24
Let u(g) = -34*g**3 - 80*g**2 - 58*g - 161. Give u(-3).
211
Let q(j) = 5986*j - 11984. What is q(2)?
-12
Let h(b) = -b**3 + 784*b - 3794. What is h(5)?
1
Let f(d) = 7*d**2 + 195*d + 98. Calculate f(-32).
1026
Let g(y) = 3901*y + 155144. What is g(-40)?
-896
Let q(y) = -6144*y + 5259260. Determine q(856).
-4
Let r(q) = 2*q**3 + 11*q**2 - 109*q + 7. Determine r(-6).
625
Let t(v) = -v**3 - 2*v**2 + 5*v + 2047. Determine t(0).
2047
Let v(m) = 290*m - 605. Determine v(5).
845
Let c(g) = -33155*g + 6034218. What is c(182)?
8
Let y(u) = -6*u**3 + 102*u**2 - 275*u - 3. Calculate y(3).
-72
Let t(y) = 5*y**2 + 1731*y + 60355. Calculate t(-307).
183
Let b(o) = -6*o**2 - 1238*o + 21354. What is b(16)?
10
Let k(r) = 24834*r + 73943. What is k(-3)?
-559
Let b(o) = o**3 + 90*o**2 + 283*o - 5150. What is b(-86)?
96
Let d(l) = 2*l**2 + 192*l - 17789. Determine d(5